{"id":3565,"date":"2017-06-30T06:33:45","date_gmt":"2017-06-30T06:33:45","guid":{"rendered":"http:\/\/wordpress.hubertus-schuetzenverein.de\/?page_id=3565"},"modified":"2017-07-01T08:40:16","modified_gmt":"2017-07-01T08:40:16","slug":"2015-2","status":"publish","type":"page","link":"https:\/\/www.hubertus-schuetzenverein.de\/?page_id=3565","title":{"rendered":"2015"},"content":{"rendered":"<p><strong>Am zweiten Wochenende im August konnte\u00a0der Hubertus-Sch\u00fctzenverein Salzbergen e.V. sein 50-j\u00e4hriges\u00a0Jubil\u00e4um mit einem gro\u00dfen Jubelfest begehen.<\/strong><\/p>\n<p>Unter dem Motto \u201eJubeln im KONGO\u201c begann das Fest am Freitagabend mit einem Langenberger Abend im Festzelt. Zu Beginn wurde ein Wortgottesdienst mit Pastor Droste gefeiert. Dann begann das erste Kaiserschiessen des Vereins. Hier konnte Thomas Finzel unter den 24 ehemaligen K\u00f6nigen den Vogel von der Stange schie\u00dfen. Er nahm seine Freundin Nadine Hessel zur Kaiserin. Nachdem der Kaiser proklamiert wurde begann der offizielle Teil. Hier konnte der erste Vorsitzende Thomas M\u00fclder den Schirmherren Andreas Kaiser nebst Gattin und zahlreiche geladene G\u00e4ste begr\u00fc\u00dfen. Nach einer kurzen Rede konnte er zahlreiche Ehrungen vornehmen. F\u00fcr besondere Verdienste wurden Stephan Kaiser, Klaus G\u00f6dde, Hubert Schmackers, Richard Beckersj\u00fcrgen, Ralf Woltermann, Franz Jansen, August Fockers, Matthias B\u00fcnker, Paul Dieckmann, Andreas Kestering, J\u00fcrgen Focks, Stefan Zipf, Hans B\u00fcnker, Thomas Altevolmer, Hubert van der Zee, Hubert Wewel, J\u00fcrgen Kestering, Franz Reckers, Andreas Reckers, Georg Reckers, Thomas Scheepers, Manfred Wilde, Alfred Busch, Hans Hoormann und Franz Kestering ausgezeichnet. F\u00fcr 25-j\u00e4hrige Vereinsmitgliedschaft wurden Stefan Busch, Klaus Ross, Ulrich Kappenberg, Rainer Thale, Reinhard Zipf, Bernd Elling,Franz-Josef Harmann, Klaus Eichhorn und Hubert Kopel ausgezeichnet. F\u00fcr 50-j\u00e4hrige Vereinsmitgliedschaft wurden Willi Lammers, Alfons Wewel, Heinz Perick, Hermann Stein, Alfred Busch, Hubert Stein, Heinz Piepel, Karl Heinz Wehkamp, Hans Hoormann, Karl Kopel, Werner Schmalzgruber,, Bruno Heilker, Heinz Walke, Franz Kestering, Willi \u00d6hlmann, Heinrich Kestering, Heinrich Bojer, Franz Perick, Herbert Siegel, Hermann Lammers, G\u00fcnter Gr\u00e4ser, Bernhard Kunk, Bernhard Kestering, Hermann Veerkamp, Karl Bojer, Werner Zipf, Adolf Heskamp, Josef Fehren, Hubertus Reckers, Hans M\u00f6ller, Bernhard Bertling, Josef Leifeling, Bernhard van der Zee, Erich Heinrici und Karl R\u00f6ttering ausgezeichnet. F\u00fcr 20 Jahre Fahnentr\u00e4ger wurde Stefan Kaiser ausgezeichnet. Als einziges noch lebendes Mitglied vom Gr\u00fcndungsvorstand bekam Bernhard Kestering einen Pr\u00e4sentkorb \u00fcberreicht. Zum Abschluss der Ehrungen wurde Stefan Busch zum Ehrenmitglied ernannt. Es folgte eine kurze Vorstellung der Festzeitschrift durch die Arbeitsgruppe \u201eFestzeitschrift\u201c. Dann begann der Tanzabend f\u00fcr Jung und Alt, begleitet wurde dieser durch Oliver Hindricks. Es wurde bis in den morgen getanzt und gefeiert.<br \/>\nAm Samstagmittag trafen sich die Gastvereine mit Musik- und Spielmannsz\u00fcgen<br \/>\nsowie zahlreichen Kutschen an drei Sammelpl\u00e4tzen zum gemeinsamen Sternmarsch zum Antreteplatz. Nach den \u00fcblichen Reden und Gru\u00dfworten fand ein gro\u00dfer Festumzug durch das Vereinsgebiet zum Festplatz statt. Zahlreiche Besucher<br \/>\ns\u00e4umten die Stra\u00dfen entlang des Festumzuges. Am Festplatz angekommen, konnten die Sch\u00fctzenvereine gemeinsam mit weiteren Besuchern bei bestem Wetter einen sch\u00f6nen Nachmittag verbringen. Ab 19.00 Uhr heizte dann die Top Party Band \u201e6th Avenue\u201c die Stimmung weiter an.<\/p>\n<p>Der Hubertus-Sch\u00fctzenverein Salzbergen e.V. m\u00f6chte sich auf diesem<br \/>\nWege bei allen G\u00e4sten und den teilnehmenden Vereinen herzlich f\u00fcr die sch\u00f6nen Tage und die gute Beteiligung bedanken.<\/p>\n<p>Am Sonntagnachmittag konnte dann der traditionelle Familiennachmittag mit Kaffee und Kuchen, Tombola, Kinderbelustigung und Kinderk\u00f6nigsschie\u00dfen begangen werden. Hendrik Busch konnte dann den Vogel abschie\u00dfen. Zur Kinderk\u00f6nigin erkor er Lina Hentschel.<\/p>\n<p>Das K\u00f6nigschie\u00dfen am Montagvormittag fand in gewohnter Weise nach dem<br \/>\nHochamt und dem anschlie\u00dfenden gemeinsamen Fr\u00fchst\u00fcck am Festplatz statt. Bei einem hochdramatischen und spannenden Wettkampf mit 6 beteiligten Sch\u00fctzen konnte sich Hermann Struffert gegen seine Mitkonkurrenten durchsetzen und den Vogel von der Stange schie\u00dfen. Zur K\u00f6nigin erkor er seine Frau Helga. Nach K\u00f6nigspaarausholen und Festumzug am Abend konnte im Festzelt bei erneut sehr guter Beteiligung ein w\u00fcrdiger und stimmungsreicher Jubelk\u00f6nigsball gefeiert werden. W\u00e4hrend des Abends hatte der Vorstand noch eine \u00dcberraschung parat, man ernannte den scheidenden Oberst Willi Sch\u00fcring zum \u201eEhren Oberst\u201c.<\/p>\n<figure id=\"attachment_154\" aria-describedby=\"caption-attachment-154\" style=\"width: 177px\" class=\"wp-caption alignleft\"><a href=\"https:\/\/i0.wp.com\/wordpress.hubertus-schuetzenverein.de\/wp-content\/uploads\/2017\/06\/koenig_2015.jpg\"><img data-recalc-dims=\"1\" loading=\"lazy\" decoding=\"async\" class=\"wp-image-154 size-medium\" src=\"https:\/\/i0.wp.com\/wordpress.hubertus-schuetzenverein.de\/wp-content\/uploads\/2017\/06\/koenig_2015-177x300.jpg?resize=177%2C300\" alt=\"K\u00f6nig Hermann mit seiner K\u00f6nigin Helga Struffert - \u00a9 Klaus G\u00f6dde 2015\" width=\"177\" height=\"300\" srcset=\"https:\/\/i0.wp.com\/www.hubertus-schuetzenverein.de\/wp-content\/uploads\/2017\/06\/koenig_2015.jpg?resize=177%2C300&amp;ssl=1 177w, https:\/\/i0.wp.com\/www.hubertus-schuetzenverein.de\/wp-content\/uploads\/2017\/06\/koenig_2015.jpg?resize=768%2C1298&amp;ssl=1 768w, https:\/\/i0.wp.com\/www.hubertus-schuetzenverein.de\/wp-content\/uploads\/2017\/06\/koenig_2015.jpg?resize=606%2C1024&amp;ssl=1 606w, https:\/\/i0.wp.com\/www.hubertus-schuetzenverein.de\/wp-content\/uploads\/2017\/06\/koenig_2015.jpg?w=1296&amp;ssl=1 1296w\" sizes=\"auto, (max-width: 177px) 100vw, 177px\" \/><\/a><figcaption id=\"caption-attachment-154\" class=\"wp-caption-text\">K\u00f6nig Hermann mit seiner K\u00f6nigin Helga Struffert &#8211; \u00a9 Klaus G\u00f6dde 2015<\/figcaption><\/figure>\n<figure id=\"attachment_148\" aria-describedby=\"caption-attachment-148\" style=\"width: 300px\" class=\"wp-caption alignleft\"><a href=\"https:\/\/i0.wp.com\/wordpress.hubertus-schuetzenverein.de\/wp-content\/uploads\/2017\/06\/Kaiser_2015.jpg\"><img data-recalc-dims=\"1\" loading=\"lazy\" decoding=\"async\" class=\"wp-image-148 size-medium\" src=\"https:\/\/i0.wp.com\/wordpress.hubertus-schuetzenverein.de\/wp-content\/uploads\/2017\/06\/Kaiser_2015-300x242.jpg?resize=300%2C242\" alt=\"Das Kaiserpaar Nadine Hessel und Thomas Finzel - \u00a9 Hubertus-Sch\u00fctzenverein 2015\" width=\"300\" height=\"242\" srcset=\"https:\/\/i0.wp.com\/www.hubertus-schuetzenverein.de\/wp-content\/uploads\/2017\/06\/Kaiser_2015.jpg?resize=300%2C242&amp;ssl=1 300w, https:\/\/i0.wp.com\/www.hubertus-schuetzenverein.de\/wp-content\/uploads\/2017\/06\/Kaiser_2015.jpg?resize=768%2C620&amp;ssl=1 768w, https:\/\/i0.wp.com\/www.hubertus-schuetzenverein.de\/wp-content\/uploads\/2017\/06\/Kaiser_2015.jpg?resize=1024%2C827&amp;ssl=1 1024w, https:\/\/i0.wp.com\/www.hubertus-schuetzenverein.de\/wp-content\/uploads\/2017\/06\/Kaiser_2015.jpg?w=2400 2400w\" sizes=\"auto, (max-width: 300px) 100vw, 300px\" \/><\/a><figcaption id=\"caption-attachment-148\" class=\"wp-caption-text\">Das Kaiserpaar Nadine Hessel und Thomas Finzel &#8211; \u00a9 Hubertus-Sch\u00fctzenverein 2015<\/figcaption><\/figure>\n<figure id=\"attachment_150\" aria-describedby=\"caption-attachment-150\" style=\"width: 300px\" class=\"wp-caption alignleft\"><a href=\"https:\/\/i0.wp.com\/wordpress.hubertus-schuetzenverein.de\/wp-content\/uploads\/2017\/06\/Kinderk%C3%B6nig_2015.jpg\"><img data-recalc-dims=\"1\" loading=\"lazy\" decoding=\"async\" class=\"wp-image-150 size-medium\" src=\"https:\/\/i0.wp.com\/wordpress.hubertus-schuetzenverein.de\/wp-content\/uploads\/2017\/06\/Kinderk%C3%B6nig_2015-300x200.jpg?resize=300%2C200\" alt=\"Kinderk\u00f6nigin Lina Hentschel und Hendrik Busch - Willi Veerkamp \u00a9 2015\" width=\"300\" height=\"200\" srcset=\"https:\/\/i0.wp.com\/www.hubertus-schuetzenverein.de\/wp-content\/uploads\/2017\/06\/Kinderk%C3%B6nig_2015.jpg?resize=300%2C200&amp;ssl=1 300w, https:\/\/i0.wp.com\/www.hubertus-schuetzenverein.de\/wp-content\/uploads\/2017\/06\/Kinderk%C3%B6nig_2015.jpg?resize=768%2C513&amp;ssl=1 768w, https:\/\/i0.wp.com\/www.hubertus-schuetzenverein.de\/wp-content\/uploads\/2017\/06\/Kinderk%C3%B6nig_2015.jpg?w=1024&amp;ssl=1 1024w\" sizes=\"auto, (max-width: 300px) 100vw, 300px\" \/><\/a><figcaption id=\"caption-attachment-150\" class=\"wp-caption-text\">Kinderk\u00f6nigin Lina Hentschel und Hendrik Busch &#8211; Willi Veerkamp \u00a9 2015<\/figcaption><\/figure>\n","protected":false},"excerpt":{"rendered":"<p>Am zweiten Wochenende im August konnte\u00a0der Hubertus-Sch\u00fctzenverein Salzbergen e.V. sein 50-j\u00e4hriges\u00a0Jubil\u00e4um mit einem gro\u00dfen Jubelfest begehen. Unter dem Motto \u201eJubeln im KONGO\u201c begann das Fest am Freitagabend mit einem Langenberger Abend im Festzelt. Zu Beginn wurde ein Wortgottesdienst mit Pastor Droste gefeiert. Dann begann das erste Kaiserschiessen des Vereins. Hier konnte Thomas Finzel unter den [&hellip;]<\/p>\n","protected":false},"author":1,"featured_media":0,"parent":2458,"menu_order":0,"comment_status":"closed","ping_status":"closed","template":"","meta":{"jetpack_post_was_ever_published":false,"footnotes":""},"class_list":["post-3565","page","type-page","status-publish","hentry","entry"],"jetpack_sharing_enabled":true,"jetpack_shortlink":"https:\/\/wp.me\/P8RsoT-Vv","jetpack-related-posts":[{"id":3553,"url":"https:\/\/www.hubertus-schuetzenverein.de\/?page_id=3553","url_meta":{"origin":3565,"position":0},"title":"2013","author":"Thorsten","date":"Juni 29, 2017","format":false,"excerpt":"Pressbericht 2013 Der Hubertus \u2013 Sch\u00fctzenverein Salzbergen e. V. feierte vom 10. \u2013 12. August sein 48.Sch\u00fctzenfest. Der Samstag stand ganz im Zeichen eines z\u00fcnftigen Musikabends. Erst traf man sich mit Pastor Droste zu einem Wortgottesdienst danach spielte DJ SKYLINEMUSIC Hits vom Plattenteller und weiter sp\u00e4ter wurde abgerockt mit der\u2026","rel":"","context":"\u00c4hnlicher Beitrag","block_context":{"text":"\u00c4hnlicher Beitrag","link":""},"img":{"alt_text":"","src":"https:\/\/i0.wp.com\/wordpress.hubertus-schuetzenverein.de\/wp-content\/uploads\/2017\/06\/presse-2013-300x200.jpg?resize=350%2C200","width":350,"height":200},"classes":[]},{"id":276,"url":"https:\/\/www.hubertus-schuetzenverein.de\/?page_id=276","url_meta":{"origin":3565,"position":1},"title":"Gr\u00fcndungssch\u00fctzenfest","author":"Thorsten","date":"Juni 20, 2017","format":false,"excerpt":"Gr\u00fcndungssch\u00fctzenfest vom 14. bis 16.08.1965 mit Fahnenweihe Chronologischer Verlauf Nach anstrengender und schwerer Arbeit, bedingt durch den Aufbau des Festzeltes, so wie herrichten des Festplatzes, wurden unsere Festtage am Abend des 4.08.65 um 20.00 Uhr durch einen \u00f6ffentlichen Ball eingeleitet. Am 15.08.65 fand dann unter der Schirmherrschaft von Landrat K\u00f6lscher\u2026","rel":"","context":"\u00c4hnlicher Beitrag","block_context":{"text":"\u00c4hnlicher Beitrag","link":""},"img":{"alt_text":"","src":"","width":0,"height":0},"classes":[]},{"id":2481,"url":"https:\/\/www.hubertus-schuetzenverein.de\/?page_id=2481","url_meta":{"origin":3565,"position":2},"title":"2005","author":"Thorsten","date":"Juni 27, 2017","format":false,"excerpt":"Pressebericht 2005 Thomas M\u00fclder: K\u00f6nig vom Langenberg Beim Kindersch\u00fctzenfest wurde Marco Thale Kindersch\u00fctzenk\u00f6nig, er w\u00e4hlte Sarah Altevolmer zur K\u00f6nigin. Sonntagnachmittag wurden f\u00fcnf Sch\u00fctzenbr\u00fcder f\u00fcr 25 Jahre Mitgliedschaft vom Vorsitzenden Manfred Leschinski geehrt. Nach dem Festumzug fand ein Plakettenschie\u00dfen statt, wobei in der Altersgruppe bis 35 Michael Busch Gold, Stefan Busch\u2026","rel":"","context":"\u00c4hnlicher Beitrag","block_context":{"text":"\u00c4hnlicher Beitrag","link":""},"img":{"alt_text":"Thomas und Barbara M\u00fclder + Vorjahresk\u00f6nigspaar Thomas Finzel und Kristina Menke im Vordergrund die Kinder des K\u00f6nigspaares - Klaus G\u00f6dde \u00a9 2016","src":"https:\/\/i0.wp.com\/wordpress.hubertus-schuetzenverein.de\/wp-content\/uploads\/2017\/06\/presse2005-300x200.jpg?resize=350%2C200","width":350,"height":200},"classes":[]},{"id":2475,"url":"https:\/\/www.hubertus-schuetzenverein.de\/?page_id=2475","url_meta":{"origin":3565,"position":3},"title":"2004","author":"Thorsten","date":"Juni 27, 2017","format":false,"excerpt":"Pressebericht 2004 Thomas Finzel Sch\u00fctzenk\u00f6nig in Salzbergen Der Hubertus-Sch\u00fctzenverein Salzbergen feierte vergangenes Wochenende sein Sch\u00fctzenfest. Samstagnachmittag beim Kindersch\u00fctzenfest gelang es Markus Dieckm\u00e4nnken als Nachfolger von Yannik Faller die Kinderk\u00f6nigsw\u00fcrde zu erringen, Tabea Sch\u00fcring wurde Kinderk\u00f6nigin. Am Sonntag pr\u00e4gte ein gro\u00dfer Festumzug das Geschehen. Neun Sch\u00fctzenbr\u00fcder erhielten eine Anstecknadel f\u00fcr 25\u2026","rel":"","context":"\u00c4hnlicher Beitrag","block_context":{"text":"\u00c4hnlicher Beitrag","link":""},"img":{"alt_text":"Kristina Menke und Thomas Finzel, + K\u00f6nigspaar 2003 Franz Kestering und Erna Schilling - Klaus G\u00f6dde \u00a9 2016","src":"https:\/\/i0.wp.com\/wordpress.hubertus-schuetzenverein.de\/wp-content\/uploads\/2017\/06\/presse2004-300x200.jpg?resize=350%2C200","width":350,"height":200},"classes":[]},{"id":3545,"url":"https:\/\/www.hubertus-schuetzenverein.de\/?page_id=3545","url_meta":{"origin":3565,"position":4},"title":"2010","author":"Thorsten","date":"Juni 29, 2017","format":false,"excerpt":"Pressebericht 2010 Klaus Becke ist K\u00f6nig in Salzbergen Neuer K\u00f6nig des Hubertus-Sch\u00fctzenvereins Salzbergen ist Klaus Becke. Er \u00fcbernahm die Regentschaft vom Vorjahresk\u00f6nig Helmut Siepker. Beim Kindersch\u00fctzenfest holte Eric Kre\u00dfner die Kinderk\u00f6nigsw\u00fcrde, Juliane M\u00fclder wurde Kinderk\u00f6nigin. Am Sonntagnachmittag wurden Andreas Stein, Heinz Haumer, J\u00fcrgen Kestering und Andreas Kestering f\u00fcr 25 Jahre\u2026","rel":"","context":"\u00c4hnlicher Beitrag","block_context":{"text":"\u00c4hnlicher Beitrag","link":""},"img":{"alt_text":"v.l. Vorjahresk\u00f6nig Helmut und Karola Siepker + Klaus Becke und Heike Humpack - Andreas Sattler \u00a9 2010","src":"https:\/\/i0.wp.com\/wordpress.hubertus-schuetzenverein.de\/wp-content\/uploads\/2017\/06\/presse2010-300x200.jpg?resize=350%2C200","width":350,"height":200},"classes":[]},{"id":3547,"url":"https:\/\/www.hubertus-schuetzenverein.de\/?page_id=3547","url_meta":{"origin":3565,"position":5},"title":"2011","author":"Thorsten","date":"Juni 29, 2017","format":false,"excerpt":"Pressebericht 2011 Christoph Thiel schie\u00dft den Vogel von der Stange. Der Hubertus \u2013 Sch\u00fctzenverein Salzbergen e. V. feierte vom 13.-15. August sein 46. Sch\u00fctzenfest. Der Samstag stand ganz im Zeichen eines Wachejubelfestes, hier gelang es Daniel Cichon erster Jugendsch\u00fctzenk\u00f6nig zu werden. Nachmittags beim Kindersch\u00fctzenfest wurde David Seggering Kinderk\u00f6nig, Anna Focks\u2026","rel":"","context":"\u00c4hnlicher Beitrag","block_context":{"text":"\u00c4hnlicher Beitrag","link":""},"img":{"alt_text":"v. l. Vorjahresk\u00f6nig Klaus Becke mit Heike Humpack und den neuen K\u00f6nig Christoph Thiel mit seiner K\u00f6nigin Sandra Sterzik Klaus G\u00f6dde \u00a9 2011","src":"https:\/\/i0.wp.com\/wordpress.hubertus-schuetzenverein.de\/wp-content\/uploads\/2017\/06\/presse2011-300x258.jpg?resize=350%2C200","width":350,"height":200},"classes":[]}],"_links":{"self":[{"href":"https:\/\/www.hubertus-schuetzenverein.de\/index.php?rest_route=\/wp\/v2\/pages\/3565","targetHints":{"allow":["GET"]}}],"collection":[{"href":"https:\/\/www.hubertus-schuetzenverein.de\/index.php?rest_route=\/wp\/v2\/pages"}],"about":[{"href":"https:\/\/www.hubertus-schuetzenverein.de\/index.php?rest_route=\/wp\/v2\/types\/page"}],"author":[{"embeddable":true,"href":"https:\/\/www.hubertus-schuetzenverein.de\/index.php?rest_route=\/wp\/v2\/users\/1"}],"replies":[{"embeddable":true,"href":"https:\/\/www.hubertus-schuetzenverein.de\/index.php?rest_route=%2Fwp%2Fv2%2Fcomments&post=3565"}],"version-history":[{"count":1,"href":"https:\/\/www.hubertus-schuetzenverein.de\/index.php?rest_route=\/wp\/v2\/pages\/3565\/revisions"}],"predecessor-version":[{"id":3566,"href":"https:\/\/www.hubertus-schuetzenverein.de\/index.php?rest_route=\/wp\/v2\/pages\/3565\/revisions\/3566"}],"up":[{"embeddable":true,"href":"https:\/\/www.hubertus-schuetzenverein.de\/index.php?rest_route=\/wp\/v2\/pages\/2458"}],"wp:attachment":[{"href":"https:\/\/www.hubertus-schuetzenverein.de\/index.php?rest_route=%2Fwp%2Fv2%2Fmedia&parent=3565"}],"curies":[{"name":"wp","href":"https:\/\/api.w.org\/{rel}","templated":true}]}}