{"id":294,"date":"2017-06-20T16:24:48","date_gmt":"2017-06-20T16:24:48","guid":{"rendered":"http:\/\/wordpress.hubertus-schuetzenverein.de\/?page_id=294"},"modified":"2026-08-13T09:00:20","modified_gmt":"2026-08-13T09:00:20","slug":"unser-koenigspaar-2016","status":"publish","type":"page","link":"https:\/\/www.hubertus-schuetzenverein.de\/?page_id=294","title":{"rendered":"Unser K\u00f6nigspaar 2026"},"content":{"rendered":"<div class=\"wp-block-image\">\n<figure class=\"aligncenter size-large\"><a href=\"https:\/\/i0.wp.com\/www.hubertus-schuetzenverein.de\/wp-content\/uploads\/2026\/08\/Koenigspaar_2026_%C2%A9AOlde-2026-SV-Kongo308-scaled.jpg\"><img data-recalc-dims=\"1\" loading=\"lazy\" decoding=\"async\" width=\"706\" height=\"1024\" src=\"https:\/\/i0.wp.com\/www.hubertus-schuetzenverein.de\/wp-content\/uploads\/2026\/08\/Koenigspaar_2026_%C2%A9AOlde-2026-SV-Kongo308.jpg?resize=706%2C1024\" alt=\"2026 - Erik Pr\u00f6hl und Anna Focks\" class=\"wp-image-9935\" srcset=\"https:\/\/i0.wp.com\/www.hubertus-schuetzenverein.de\/wp-content\/uploads\/2026\/08\/Koenigspaar_2026_%C2%A9AOlde-2026-SV-Kongo308-scaled.jpg?resize=706%2C1024&amp;ssl=1 706w, https:\/\/i0.wp.com\/www.hubertus-schuetzenverein.de\/wp-content\/uploads\/2026\/08\/Koenigspaar_2026_%C2%A9AOlde-2026-SV-Kongo308-scaled.jpg?resize=207%2C300&amp;ssl=1 207w, https:\/\/i0.wp.com\/www.hubertus-schuetzenverein.de\/wp-content\/uploads\/2026\/08\/Koenigspaar_2026_%C2%A9AOlde-2026-SV-Kongo308-scaled.jpg?resize=768%2C1113&amp;ssl=1 768w, https:\/\/i0.wp.com\/www.hubertus-schuetzenverein.de\/wp-content\/uploads\/2026\/08\/Koenigspaar_2026_%C2%A9AOlde-2026-SV-Kongo308-scaled.jpg?resize=1059%2C1536&amp;ssl=1 1059w, https:\/\/i0.wp.com\/www.hubertus-schuetzenverein.de\/wp-content\/uploads\/2026\/08\/Koenigspaar_2026_%C2%A9AOlde-2026-SV-Kongo308-scaled.jpg?resize=1413%2C2048&amp;ssl=1 1413w, https:\/\/i0.wp.com\/www.hubertus-schuetzenverein.de\/wp-content\/uploads\/2026\/08\/Koenigspaar_2026_%C2%A9AOlde-2026-SV-Kongo308-scaled.jpg?w=1766&amp;ssl=1 1766w\" sizes=\"auto, (max-width: 706px) 100vw, 706px\" \/><\/a><figcaption class=\"wp-element-caption\">2026 &#8211; Erik Pr\u00f6hl und Anna Focks<\/figcaption><\/figure>\n<\/div>","protected":false},"excerpt":{"rendered":"","protected":false},"author":1,"featured_media":0,"parent":224,"menu_order":1,"comment_status":"closed","ping_status":"closed","template":"","meta":{"footnotes":""},"class_list":["post-294","page","type-page","status-publish","hentry","entry"],"jetpack_sharing_enabled":true,"jetpack_shortlink":"https:\/\/wp.me\/P8RsoT-4K","jetpack-related-posts":[{"id":183,"url":"https:\/\/www.hubertus-schuetzenverein.de\/","url_meta":{"origin":294,"position":0},"title":"Home","author":"Thorsten","date":"Juni 18, 2017","format":false,"excerpt":"K\u00f6nig 2026 2026 - Erik Pr\u00f6hl und Anna Focks","rel":"","context":"\u00c4hnlicher Beitrag","block_context":{"text":"\u00c4hnlicher Beitrag","link":""},"img":{"alt_text":"2026 - Erik Pr\u00f6hl und Anna Focks","src":"https:\/\/i0.wp.com\/www.hubertus-schuetzenverein.de\/wp-content\/uploads\/2026\/08\/Koenigspaar_2026_%C2%A9AOlde-2026-SV-Kongo308-scaled.jpg?resize=350%2C200&ssl=1","width":350,"height":200,"srcset":"https:\/\/i0.wp.com\/www.hubertus-schuetzenverein.de\/wp-content\/uploads\/2026\/08\/Koenigspaar_2026_%C2%A9AOlde-2026-SV-Kongo308-scaled.jpg?resize=350%2C200&ssl=1 1x, https:\/\/i0.wp.com\/www.hubertus-schuetzenverein.de\/wp-content\/uploads\/2026\/08\/Koenigspaar_2026_%C2%A9AOlde-2026-SV-Kongo308-scaled.jpg?resize=525%2C300&ssl=1 1.5x, https:\/\/i0.wp.com\/www.hubertus-schuetzenverein.de\/wp-content\/uploads\/2026\/08\/Koenigspaar_2026_%C2%A9AOlde-2026-SV-Kongo308-scaled.jpg?resize=700%2C400&ssl=1 2x, https:\/\/i0.wp.com\/www.hubertus-schuetzenverein.de\/wp-content\/uploads\/2026\/08\/Koenigspaar_2026_%C2%A9AOlde-2026-SV-Kongo308-scaled.jpg?resize=1050%2C600&ssl=1 3x, https:\/\/i0.wp.com\/www.hubertus-schuetzenverein.de\/wp-content\/uploads\/2026\/08\/Koenigspaar_2026_%C2%A9AOlde-2026-SV-Kongo308-scaled.jpg?resize=1400%2C800&ssl=1 4x"},"classes":[]},{"id":9934,"url":"https:\/\/www.hubertus-schuetzenverein.de\/?page_id=9934","url_meta":{"origin":294,"position":1},"title":"Pressebericht Sch\u00fctzenfest 2026","author":"Thorsten","date":"August 13, 2026","format":false,"excerpt":"Erik Pr\u00f6hl ist neuer K\u00f6nig des Hubertus Sch\u00fctzenvereins Der Hubertus Sch\u00fctzenverein Salzbergen e. V. feierte vom 08.-10. August sein 61. Sch\u00fctzenfest. Er\u00f6ffnet wurde das Sch\u00fctzenfest am Samstagabend wie \u00fcblich mit einem Wortgottesdienst durch Pastor Droste. Im Anschluss daran fand die gro\u00dfe Zeltparty mit dem DJ-Team \u201eXplosion\u201c statt, welches bis in\u2026","rel":"","context":"\u00c4hnlicher Beitrag","block_context":{"text":"\u00c4hnlicher Beitrag","link":""},"img":{"alt_text":"2026 - Erik Pr\u00f6hl und Anna Focks","src":"https:\/\/i0.wp.com\/www.hubertus-schuetzenverein.de\/wp-content\/uploads\/2026\/08\/Koenigspaar_2026_%C2%A9AOlde-2026-SV-Kongo308-scaled.jpg?resize=350%2C200&ssl=1","width":350,"height":200,"srcset":"https:\/\/i0.wp.com\/www.hubertus-schuetzenverein.de\/wp-content\/uploads\/2026\/08\/Koenigspaar_2026_%C2%A9AOlde-2026-SV-Kongo308-scaled.jpg?resize=350%2C200&ssl=1 1x, https:\/\/i0.wp.com\/www.hubertus-schuetzenverein.de\/wp-content\/uploads\/2026\/08\/Koenigspaar_2026_%C2%A9AOlde-2026-SV-Kongo308-scaled.jpg?resize=525%2C300&ssl=1 1.5x, https:\/\/i0.wp.com\/www.hubertus-schuetzenverein.de\/wp-content\/uploads\/2026\/08\/Koenigspaar_2026_%C2%A9AOlde-2026-SV-Kongo308-scaled.jpg?resize=700%2C400&ssl=1 2x, https:\/\/i0.wp.com\/www.hubertus-schuetzenverein.de\/wp-content\/uploads\/2026\/08\/Koenigspaar_2026_%C2%A9AOlde-2026-SV-Kongo308-scaled.jpg?resize=1050%2C600&ssl=1 3x, https:\/\/i0.wp.com\/www.hubertus-schuetzenverein.de\/wp-content\/uploads\/2026\/08\/Koenigspaar_2026_%C2%A9AOlde-2026-SV-Kongo308-scaled.jpg?resize=1400%2C800&ssl=1 4x"},"classes":[]},{"id":49,"url":"https:\/\/www.hubertus-schuetzenverein.de\/?page_id=49","url_meta":{"origin":294,"position":2},"title":"Historie der K\u00f6nigspaare (1965-heute)","author":"Thorsten","date":"Juni 15, 2017","format":false,"excerpt":"2026 - Erik Pr\u00f6hl und Anna Focks 2025 - Niels und Melanie Finke 2024 - Pascal Elling und Helen K\u00fcnnemann 2023 - Jonas Thiel und Diana Melnik 2022 - Yvonne und Olaf Nega 2019 - Gudrun und Reiner Thale 2018 - Mareike Egbers & Matthias R\u00f6ttering 2017 - Bianka &\u2026","rel":"","context":"\u00c4hnlicher Beitrag","block_context":{"text":"\u00c4hnlicher Beitrag","link":""},"img":{"alt_text":"2025 - Niels und Melanie Finke","src":"https:\/\/i0.wp.com\/www.hubertus-schuetzenverein.de\/wp-content\/uploads\/2025\/08\/HubertusKoenigspaar_2025-scaled.jpg?resize=350%2C200","width":350,"height":200,"srcset":"https:\/\/i0.wp.com\/www.hubertus-schuetzenverein.de\/wp-content\/uploads\/2025\/08\/HubertusKoenigspaar_2025-scaled.jpg?resize=350%2C200 1x, https:\/\/i0.wp.com\/www.hubertus-schuetzenverein.de\/wp-content\/uploads\/2025\/08\/HubertusKoenigspaar_2025-scaled.jpg?resize=525%2C300 1.5x, https:\/\/i0.wp.com\/www.hubertus-schuetzenverein.de\/wp-content\/uploads\/2025\/08\/HubertusKoenigspaar_2025-scaled.jpg?resize=700%2C400 2x, https:\/\/i0.wp.com\/www.hubertus-schuetzenverein.de\/wp-content\/uploads\/2025\/08\/HubertusKoenigspaar_2025-scaled.jpg?resize=1050%2C600 3x, https:\/\/i0.wp.com\/www.hubertus-schuetzenverein.de\/wp-content\/uploads\/2025\/08\/HubertusKoenigspaar_2025-scaled.jpg?resize=1400%2C800 4x"},"classes":[]},{"id":298,"url":"https:\/\/www.hubertus-schuetzenverein.de\/?page_id=298","url_meta":{"origin":294,"position":3},"title":"Historie Kinderk\u00f6nigspaare","author":"Thorsten","date":"Juni 20, 2017","format":false,"excerpt":"2025 - Mattis Stein und Jule K\u00fcnnemann 2024 - Paul Wewel und Pia K\u00fcnnemann 2023 - Stina Woltermann und Theo P\u00f6ttering 2022 - Max D\u00f6rnhoff und Paula Steinforth 2019 - Sophie Nega und Philipp Vogelpohl 2018 - Lina Hentschel und David Barkmann 2017 - Dana Barkmann und Tom Gillmann 2016\u2026","rel":"","context":"\u00c4hnlicher Beitrag","block_context":{"text":"\u00c4hnlicher Beitrag","link":""},"img":{"alt_text":"2025 - Mattis Stein und Jule K\u00fcnnemann","src":"https:\/\/i0.wp.com\/www.hubertus-schuetzenverein.de\/wp-content\/uploads\/2025\/08\/HubertusKinderkoenigspaar_2025.jpeg?resize=350%2C200","width":350,"height":200,"srcset":"https:\/\/i0.wp.com\/www.hubertus-schuetzenverein.de\/wp-content\/uploads\/2025\/08\/HubertusKinderkoenigspaar_2025.jpeg?resize=350%2C200 1x, https:\/\/i0.wp.com\/www.hubertus-schuetzenverein.de\/wp-content\/uploads\/2025\/08\/HubertusKinderkoenigspaar_2025.jpeg?resize=525%2C300 1.5x, https:\/\/i0.wp.com\/www.hubertus-schuetzenverein.de\/wp-content\/uploads\/2025\/08\/HubertusKinderkoenigspaar_2025.jpeg?resize=700%2C400 2x, https:\/\/i0.wp.com\/www.hubertus-schuetzenverein.de\/wp-content\/uploads\/2025\/08\/HubertusKinderkoenigspaar_2025.jpeg?resize=1050%2C600 3x, https:\/\/i0.wp.com\/www.hubertus-schuetzenverein.de\/wp-content\/uploads\/2025\/08\/HubertusKinderkoenigspaar_2025.jpeg?resize=1400%2C800 4x"},"classes":[]},{"id":3540,"url":"https:\/\/www.hubertus-schuetzenverein.de\/?page_id=3540","url_meta":{"origin":294,"position":4},"title":"2008","author":"Thorsten","date":"Juni 29, 2017","format":false,"excerpt":"Pressebericht 2008 Matthias B\u00fcnker neuer Sch\u00fctzenk\u00f6nig Der Hubertus-Sch\u00fctzenverein Salzbergen feierte vom 09. \u2013 11.08.2008 sein Sch\u00fctzenfest. Feldwebel Matthias B\u00fcnker konnte sich erfolgreich gegen die Mitbewerber durchsetzen und \u00fcbernahm die Regentschaft von Rolf Effner. Zur K\u00f6nigin erkor er seine Freundin Heike Th\u00fcnemann. Malte Kunk gelang es, die Kinderk\u00f6nigsw\u00fcrde zu erringen, Kinderk\u00f6nigin\u2026","rel":"","context":"\u00c4hnlicher Beitrag","block_context":{"text":"\u00c4hnlicher Beitrag","link":""},"img":{"alt_text":"","src":"https:\/\/i0.wp.com\/wordpress.hubertus-schuetzenverein.de\/wp-content\/uploads\/2017\/06\/presse2008-300x200.jpg?resize=350%2C200","width":350,"height":200},"classes":[]},{"id":3547,"url":"https:\/\/www.hubertus-schuetzenverein.de\/?page_id=3547","url_meta":{"origin":294,"position":5},"title":"2011","author":"Thorsten","date":"Juni 29, 2017","format":false,"excerpt":"Pressebericht 2011 Christoph Thiel schie\u00dft den Vogel von der Stange. Der Hubertus \u2013 Sch\u00fctzenverein Salzbergen e. V. feierte vom 13.-15. August sein 46. Sch\u00fctzenfest. Der Samstag stand ganz im Zeichen eines Wachejubelfestes, hier gelang es Daniel Cichon erster Jugendsch\u00fctzenk\u00f6nig zu werden. Nachmittags beim Kindersch\u00fctzenfest wurde David Seggering Kinderk\u00f6nig, Anna Focks\u2026","rel":"","context":"\u00c4hnlicher Beitrag","block_context":{"text":"\u00c4hnlicher Beitrag","link":""},"img":{"alt_text":"v. l. Vorjahresk\u00f6nig Klaus Becke mit Heike Humpack und den neuen K\u00f6nig Christoph Thiel mit seiner K\u00f6nigin Sandra Sterzik Klaus G\u00f6dde \u00a9 2011","src":"https:\/\/i0.wp.com\/wordpress.hubertus-schuetzenverein.de\/wp-content\/uploads\/2017\/06\/presse2011-300x258.jpg?resize=350%2C200","width":350,"height":200},"classes":[]}],"_links":{"self":[{"href":"https:\/\/www.hubertus-schuetzenverein.de\/index.php?rest_route=\/wp\/v2\/pages\/294","targetHints":{"allow":["GET"]}}],"collection":[{"href":"https:\/\/www.hubertus-schuetzenverein.de\/index.php?rest_route=\/wp\/v2\/pages"}],"about":[{"href":"https:\/\/www.hubertus-schuetzenverein.de\/index.php?rest_route=\/wp\/v2\/types\/page"}],"author":[{"embeddable":true,"href":"https:\/\/www.hubertus-schuetzenverein.de\/index.php?rest_route=\/wp\/v2\/users\/1"}],"replies":[{"embeddable":true,"href":"https:\/\/www.hubertus-schuetzenverein.de\/index.php?rest_route=%2Fwp%2Fv2%2Fcomments&post=294"}],"version-history":[{"count":12,"href":"https:\/\/www.hubertus-schuetzenverein.de\/index.php?rest_route=\/wp\/v2\/pages\/294\/revisions"}],"predecessor-version":[{"id":9943,"href":"https:\/\/www.hubertus-schuetzenverein.de\/index.php?rest_route=\/wp\/v2\/pages\/294\/revisions\/9943"}],"up":[{"embeddable":true,"href":"https:\/\/www.hubertus-schuetzenverein.de\/index.php?rest_route=\/wp\/v2\/pages\/224"}],"wp:attachment":[{"href":"https:\/\/www.hubertus-schuetzenverein.de\/index.php?rest_route=%2Fwp%2Fv2%2Fmedia&parent=294"}],"curies":[{"name":"wp","href":"https:\/\/api.w.org\/{rel}","templated":true}]}}

Unser Königspaar 2026

<div class="wp-block-image">
<figure class="aligncenter size-large"><a href="https://i0.wp.com/www.hubertus-schuetzenverein.de/wp-content/uploads/2026/08/Koenigspaar_2026_%C2%A9AOlde-2026-SV-Kongo308-scaled.jpg"><img data-recalc-dims="1" loading="lazy" decoding="async" width="706" height="1024" src="https://i0.wp.com/www.hubertus-schuetzenverein.de/wp-content/uploads/2026/08/Koenigspaar_2026_%C2%A9AOlde-2026-SV-Kongo308.jpg?resize=706%2C1024" alt="2026 - Erik Pröhl und Anna Focks" class="wp-image-9935" srcset="https://i0.wp.com/www.hubertus-schuetzenverein.de/wp-content/uploads/2026/08/Koenigspaar_2026_%C2%A9AOlde-2026-SV-Kongo308-scaled.jpg?resize=706%2C1024&amp;ssl=1 706w, https://i0.wp.com/www.hubertus-schuetzenverein.de/wp-content/uploads/2026/08/Koenigspaar_2026_%C2%A9AOlde-2026-SV-Kongo308-scaled.jpg?resize=207%2C300&amp;ssl=1 207w, https://i0.wp.com/www.hubertus-schuetzenverein.de/wp-content/uploads/2026/08/Koenigspaar_2026_%C2%A9AOlde-2026-SV-Kongo308-scaled.jpg?resize=768%2C1113&amp;ssl=1 768w, https://i0.wp.com/www.hubertus-schuetzenverein.de/wp-content/uploads/2026/08/Koenigspaar_2026_%C2%A9AOlde-2026-SV-Kongo308-scaled.jpg?resize=1059%2C1536&amp;ssl=1 1059w, https://i0.wp.com/www.hubertus-schuetzenverein.de/wp-content/uploads/2026/08/Koenigspaar_2026_%C2%A9AOlde-2026-SV-Kongo308-scaled.jpg?resize=1413%2C2048&amp;ssl=1 1413w, https://i0.wp.com/www.hubertus-schuetzenverein.de/wp-content/uploads/2026/08/Koenigspaar_2026_%C2%A9AOlde-2026-SV-Kongo308-scaled.jpg?w=1766&amp;ssl=1 1766w" sizes="auto, (max-width: 706px) 100vw, 706px" /></a><figcaption class="wp-element-caption">2026 &#8211; Erik Pröhl und Anna Focks</figcaption></figure>
</div>

König 2026 2026 - Erik Pröhl und Anna Focks

Ähnlicher Beitrag

2026 - Erik Pröhl und Anna Focks

Pressebericht Schützenfest 2026

Erik Pröhl ist neuer König des Hubertus Schützenvereins Der Hubertus Schützenverein Salzbergen e. V. feierte vom 08.-10. August sein 61. Schützenfest. Eröffnet wurde das Schützenfest am Samstagabend wie üblich mit einem Wortgottesdienst durch Pastor Droste. Im Anschluss daran fand die große Zeltparty mit dem DJ-Team „Xplosion“ statt, welches bis in…

Historie der Königspaare (1965-heute)

2026 - Erik Pröhl und Anna Focks 2025 - Niels und Melanie Finke 2024 - Pascal Elling und Helen Künnemann 2023 - Jonas Thiel und Diana Melnik 2022 - Yvonne und Olaf Nega 2019 - Gudrun und Reiner Thale 2018 - Mareike Egbers & Matthias Röttering 2017 - Bianka &…

Historie Kinderkönigspaare

2025 - Mattis Stein und Jule Künnemann 2024 - Paul Wewel und Pia Künnemann 2023 - Stina Woltermann und Theo Pöttering 2022 - Max Dörnhoff und Paula Steinforth 2019 - Sophie Nega und Philipp Vogelpohl 2018 - Lina Hentschel und David Barkmann 2017 - Dana Barkmann und Tom Gillmann 2016…

2025 - Mattis Stein und Jule Künnemann

Pressebericht 2008 Matthias Bünker neuer Schützenkönig Der Hubertus-Schützenverein Salzbergen feierte vom 09. – 11.08.2008 sein Schützenfest. Feldwebel Matthias Bünker konnte sich erfolgreich gegen die Mitbewerber durchsetzen und übernahm die Regentschaft von Rolf Effner. Zur Königin erkor er seine Freundin Heike Thünemann. Malte Kunk gelang es, die Kinderkönigswürde zu erringen, Kinderkönigin…

Pressebericht 2011 Christoph Thiel schießt den Vogel von der Stange. Der Hubertus – Schützenverein Salzbergen e. V. feierte vom 13.-15. August sein 46. Schützenfest. Der Samstag stand ganz im Zeichen eines Wachejubelfestes, hier gelang es Daniel Cichon erster Jugendschützenkönig zu werden. Nachmittags beim Kinderschützenfest wurde David Seggering Kinderkönig, Anna Focks…

v. l. Vorjahreskönig Klaus Becke mit Heike Humpack und den neuen König Christoph Thiel mit seiner Königin Sandra Sterzik Klaus Gödde © 2011
