{"id":267,"date":"2017-06-20T16:07:56","date_gmt":"2017-06-20T16:07:56","guid":{"rendered":"http:\/\/wordpress.hubertus-schuetzenverein.de\/?page_id=267"},"modified":"2023-11-09T12:23:57","modified_gmt":"2023-11-09T12:23:57","slug":"kontakt","status":"publish","type":"page","link":"https:\/\/www.hubertus-schuetzenverein.de\/?page_id=267","title":{"rendered":"Kontakt"},"content":{"rendered":"<p>Thomas M\u00fclder<br \/>\nSchnepfenweg 10<br \/>\n48499 Salzbergen<br \/>\nTel.: +49 (05976) 940730<br \/>\nMail: <a href=\"mailto:thomas.muelder@hubertus-schuetzenverein.de\">thomas.muelder@hubertus-schuetzenverein.de<\/a><\/p>\n<p>Matthias R\u00f6ttering<br \/>\nBextener Str. 12<br \/>\n48499 Salzbergen<br \/>\nTel.: +49 176 23905490<br \/>\nMail: <a href=\"mailto:matthias.roettering@hubertus-schuetzenverein.de\">matthias.roettering@hubertus-schuetzenverein.de<\/a><\/p>\n","protected":false},"excerpt":{"rendered":"<p>Thomas M\u00fclder Schnepfenweg 10 48499 Salzbergen Tel.: +49 (05976) 940730 Mail: thomas.muelder@hubertus-schuetzenverein.de Matthias R\u00f6ttering Bextener Str. 12 48499 Salzbergen Tel.: +49 176 23905490 Mail: matthias.roettering@hubertus-schuetzenverein.de<\/p>\n","protected":false},"author":1,"featured_media":0,"parent":258,"menu_order":2,"comment_status":"closed","ping_status":"closed","template":"","meta":{"jetpack_post_was_ever_published":false,"footnotes":""},"class_list":["post-267","page","type-page","status-publish","hentry","entry"],"jetpack_sharing_enabled":true,"jetpack_shortlink":"https:\/\/wp.me\/P8RsoT-4j","jetpack-related-posts":[{"id":4362,"url":"https:\/\/www.hubertus-schuetzenverein.de\/?page_id=4362","url_meta":{"origin":267,"position":0},"title":"Impressum","author":"Thorsten","date":"Mai 24, 2018","format":false,"excerpt":"Verantwortlich ist der Hubertus-Sch\u00fctzenverein Salzbergen e.V. Schnepfenweg 10 48499 Salzbergen Deutschland Tel.: +49 5976 940730 E-Mail: info@hubertus-schuetzenverein.de Website: www.hubertus-schuetzenverein.de Die Seiten werden gepflegt von Thorsten Veerkamp: webmaster (at) hubertus-schuetzenverein.de Unsere Datenschutzerkl\u00e4rung finden Sie\u00a0hier.","rel":"","context":"\u00c4hnlicher Beitrag","block_context":{"text":"\u00c4hnlicher Beitrag","link":""},"img":{"alt_text":"","src":"","width":0,"height":0},"classes":[]},{"id":269,"url":"https:\/\/www.hubertus-schuetzenverein.de\/?page_id=269","url_meta":{"origin":267,"position":1},"title":"Gedenken","author":"Thorsten","date":"Juni 20, 2017","format":false,"excerpt":"Wir gedenken aller\u00a0verstorbenen\u00a0Sch\u00fctzenbr\u00fcder des Hubertus-Sch\u00fctzenverein Salzbergen e.V. M\u00f6gen Sie in Frieden ruhen.","rel":"","context":"\u00c4hnlicher Beitrag","block_context":{"text":"\u00c4hnlicher Beitrag","link":""},"img":{"alt_text":"","src":"https:\/\/i0.wp.com\/wordpress.hubertus-schuetzenverein.de\/wp-content\/uploads\/2017\/06\/volkstrauertag-300x200.jpg?resize=350%2C200","width":350,"height":200},"classes":[]},{"id":280,"url":"https:\/\/www.hubertus-schuetzenverein.de\/?page_id=280","url_meta":{"origin":267,"position":2},"title":"Die Entstehung des Hubertus-Sch\u00fctzenvereins","author":"Thorsten","date":"Juni 20, 2017","format":false,"excerpt":"Entstehung 1965 Im Jahre 1950 nahm eine unabwendbare Entwicklung in der Gemeinde Salzbergen ihren Lauf. Immer mehr M\u00e4nner von Salzbergen wollten sich nicht l\u00e4nger dem Zepter eines einzigen, uneingeschr\u00e4nkten Monarchen beugen, sie wollten ihren eigenen Regenten, f\u00fcr jeden Ortsteil einen. Es begann mit der Trennung der Hummeldorfer Sch\u00fctzen vom Sch\u00fctzenbund\u2026","rel":"","context":"\u00c4hnlicher Beitrag","block_context":{"text":"\u00c4hnlicher Beitrag","link":""},"img":{"alt_text":"","src":"","width":0,"height":0},"classes":[]},{"id":274,"url":"https:\/\/www.hubertus-schuetzenverein.de\/?page_id=274","url_meta":{"origin":267,"position":3},"title":"Erinnerung an unser Gr\u00fcndungsmitglied","author":"Thorsten","date":"Juni 20, 2017","format":false,"excerpt":"Schon lange bevor der Hubertus-Sch\u00fctzenverein Salzbergen aus der Taufe gehoben wurde, hielt unser Gr\u00fcndungsmitglied Hermann M\u00f6ller an dem Gedanken fest, einen neuen Sch\u00fctzenverein zu gr\u00fcnden. Am 14.03.1965 war es dann soweit. Auf der Gr\u00fcndungsversammlung wurde Hermann M\u00f6ller einstimmig zum 1. Vorsitzenden gew\u00e4hlt. Dieses Amt hielt er bis zum Jahre 1975\u2026","rel":"","context":"\u00c4hnlicher Beitrag","block_context":{"text":"\u00c4hnlicher Beitrag","link":""},"img":{"alt_text":"","src":"","width":0,"height":0},"classes":[]},{"id":3561,"url":"https:\/\/www.hubertus-schuetzenverein.de\/?page_id=3561","url_meta":{"origin":267,"position":4},"title":"2014","author":"Thorsten","date":"Juni 29, 2017","format":false,"excerpt":"Prinz Karneval jetzt auch Sch\u00fctzenk\u00f6nig Der Hubertus \u2013 Sch\u00fctzenverein Salzbergen e. V. feierte vom 09.-11. August sein j\u00e4hrliches Sch\u00fctzenfest. Der Samstag stand ganz im Zeichen eines z\u00fcnftigen Musikabends. Erst traf man sich mit Pastor Droste zu einem Wortgottesdienst danach spielte DJ SKYLINEMUSIC Hits vom Plattenteller und weiter sp\u00e4ter wurde abgerocktmit\u2026","rel":"","context":"\u00c4hnlicher Beitrag","block_context":{"text":"\u00c4hnlicher Beitrag","link":""},"img":{"alt_text":"K\u00f6nig Andreas und seine K\u00f6nigin Claudia Stein - Klaus G\u00f6dde \u00a92014 ","src":"https:\/\/i0.wp.com\/wordpress.hubertus-schuetzenverein.de\/wp-content\/uploads\/2017\/06\/Koenig_2014-200x300.jpg?resize=350%2C200","width":350,"height":200},"classes":[]},{"id":292,"url":"https:\/\/www.hubertus-schuetzenverein.de\/?page_id=292","url_meta":{"origin":267,"position":5},"title":"2016","author":"Thorsten","date":"Juni 20, 2017","format":false,"excerpt":"Thomas Altevolmer ist der neue K\u00f6nig im Kongo Der Hubertus \u2013 Sch\u00fctzenverein Salzbergen e. V. feierte vom 13.-15. August sein 51. Sch\u00fctzenfest. Der Samstag stand ganz im Zeichen eines Wachejubelfestes. Die Kongo-Wache feierte ihr 25-j\u00e4hriges Bestehen. Hier gelang es Fabian Altevolmer der 3. Jugendsch\u00fctzenk\u00f6nig in Salzbergen zu werden. Am Sonntagnachmittag\u2026","rel":"","context":"\u00c4hnlicher Beitrag","block_context":{"text":"\u00c4hnlicher Beitrag","link":""},"img":{"alt_text":"Saskia Altemeyer und Fabian Altevolmer, Reinhild und Thomas Altevolmer, Helga und Hermann Struffert ","src":"https:\/\/i0.wp.com\/www.hubertus-schuetzenverein.de\/wp-content\/uploads\/2017\/06\/alle_koenige_2016-300x200.jpg?resize=350%2C200","width":350,"height":200},"classes":[]}],"_links":{"self":[{"href":"https:\/\/www.hubertus-schuetzenverein.de\/index.php?rest_route=\/wp\/v2\/pages\/267","targetHints":{"allow":["GET"]}}],"collection":[{"href":"https:\/\/www.hubertus-schuetzenverein.de\/index.php?rest_route=\/wp\/v2\/pages"}],"about":[{"href":"https:\/\/www.hubertus-schuetzenverein.de\/index.php?rest_route=\/wp\/v2\/types\/page"}],"author":[{"embeddable":true,"href":"https:\/\/www.hubertus-schuetzenverein.de\/index.php?rest_route=\/wp\/v2\/users\/1"}],"replies":[{"embeddable":true,"href":"https:\/\/www.hubertus-schuetzenverein.de\/index.php?rest_route=%2Fwp%2Fv2%2Fcomments&post=267"}],"version-history":[{"count":3,"href":"https:\/\/www.hubertus-schuetzenverein.de\/index.php?rest_route=\/wp\/v2\/pages\/267\/revisions"}],"predecessor-version":[{"id":8588,"href":"https:\/\/www.hubertus-schuetzenverein.de\/index.php?rest_route=\/wp\/v2\/pages\/267\/revisions\/8588"}],"up":[{"embeddable":true,"href":"https:\/\/www.hubertus-schuetzenverein.de\/index.php?rest_route=\/wp\/v2\/pages\/258"}],"wp:attachment":[{"href":"https:\/\/www.hubertus-schuetzenverein.de\/index.php?rest_route=%2Fwp%2Fv2%2Fmedia&parent=267"}],"curies":[{"name":"wp","href":"https:\/\/api.w.org\/{rel}","templated":true}]}}