{"id":2471,"date":"2017-06-26T05:21:58","date_gmt":"2017-06-26T05:21:58","guid":{"rendered":"http:\/\/wordpress.hubertus-schuetzenverein.de\/?page_id=2471"},"modified":"2017-06-26T05:23:10","modified_gmt":"2017-06-26T05:23:10","slug":"2003-2","status":"publish","type":"page","link":"https:\/\/www.hubertus-schuetzenverein.de\/?page_id=2471","title":{"rendered":"2003"},"content":{"rendered":"<h2>Pressebericht 2003<\/h2>\n<figure id=\"attachment_161\" aria-describedby=\"caption-attachment-161\" style=\"width: 300px\" class=\"wp-caption alignright\"><a href=\"https:\/\/i0.wp.com\/wordpress.hubertus-schuetzenverein.de\/wp-content\/uploads\/2017\/06\/presse2003.jpg\"><img data-recalc-dims=\"1\" loading=\"lazy\" decoding=\"async\" class=\"wp-image-161 size-medium\" src=\"https:\/\/i0.wp.com\/wordpress.hubertus-schuetzenverein.de\/wp-content\/uploads\/2017\/06\/presse2003-300x225.jpg?resize=300%2C225\" alt=\"\" width=\"300\" height=\"225\" srcset=\"https:\/\/i0.wp.com\/www.hubertus-schuetzenverein.de\/wp-content\/uploads\/2017\/06\/presse2003.jpg?resize=300%2C225&amp;ssl=1 300w, https:\/\/i0.wp.com\/www.hubertus-schuetzenverein.de\/wp-content\/uploads\/2017\/06\/presse2003.jpg?w=500&amp;ssl=1 500w\" sizes=\"auto, (max-width: 300px) 100vw, 300px\" \/><\/a><figcaption id=\"caption-attachment-161\" class=\"wp-caption-text\">K\u00f6nigspaare Erna Schilling und Franz Kestering &#8211; Heike und Thomas Scheepers &#8211; Klaus G\u00f6dde \u00a9 2003<\/figcaption><\/figure>\n<p>Franz Kestering wurde Sch\u00fctzenk\u00f6nig in Salzbergen<\/p>\n<p>Der Hubertus-Sch\u00fctzenverein Salzbergen rundete mit seinem Sch\u00fctzenfest wie in den letzten Jahren die zahlreichen Sch\u00fctzenfeste der Salzbergener Vereine in diesem Jahr ab. Sch\u00fctzenk\u00f6nig wurde Franz Kestering, Erna Schilling w\u00e4hlte er zur K\u00f6nigin. Sie \u00fcbernehmen die Regentschaft vom amtierenden K\u00f6nigspaar Thomas und Heike Scheepers. Kindersch\u00fctzenk\u00f6nig wurde Yannick Faller, zur K\u00f6nigin erkor er Miriam Zipf. Sie l\u00f6sten das Vorjahresk\u00f6nigspaar Michael Br\u00fcnen und Meike Lauel ab. Vereinsmeister im Plakettenschie\u00dfen wurde in der Altersgruppe bis 35 Jahre: Gold Michael Niemeyer, Silber Ralf Sygalla, Bronze Mario Bertling. In der Altersgruppe \u00fcber 35 Jahre errang Manfred Wilde Gold, Franz Reckers Silber und Bernd Elling die Bronzemedaille. Neben 10 Ehrungen f\u00fcr 25-j\u00e4hrige Mitgliedschaft erhielten Marc M\u00fcscher und Stefan Busch einen Orden f\u00fcr 10 Jahre Vorstandsarbeit. Willi Sch\u00fcring wurde vom Vorsitzenden M. Leschinski ein Orden f\u00fcr seine 30-j\u00e4hrige T\u00e4tigkeit als Feldwebel \u00fcberreicht.<\/p>\n<p>&nbsp;<\/p>\n<h2>Jahresr\u00fcckblick 2003<\/h2>\n<ol>\n<li>Am 11.03.2003 und am 03.04.2003 fanden in diesem Jahr die Doppelkopfturniere statt. Wie gewohnt konnten die zahlreichen Teilnehmer ihrer Spielst\u00e4rke bzw. ihrer Tagesform entsprechend attraktive Preise gewinnen.<\/li>\n<li>Anl\u00e4sslich unserer Radtour \u201eFahrt ins Blaue\u201c am 07.06.2003 bescherte uns der Wettergott erneut hervorragendes Wetter. Somit freuten sich die 120 Teilnehmer \u00fcber die sch\u00f6ne Tour und anschlie\u00dfend \u00fcber leckere W\u00fcrstchen und Pommes zum Abschluss auf dem Steider Festplatz.<\/li>\n<li>Der Sch\u00fctzenverein Samern hatte am 11.05.2003 zum Jubelfest geladen. Wie in den vergangenen Jahren auch war die Beteiligung an so einer Einladung leider sehr schlecht.<\/li>\n<li>Den H\u00f6hepunkt des Jahres, unser Sch\u00fctzenfest, feierten wir in der Zeit vom 09.08.2003 bis 12.08.2003 auf dem Festplatz an der D\u00fcnnstra\u00dfe. Anders als im vergangenen Jahr war zum Kindersch\u00fctzenfest am Samstagnachmittag wieder Sonnenbrille anstatt Regenschirm angesagt. Dementsprechend konnten unsere Kleinen bei tollem Wetter geb\u00fchrend ihr Fest feiern. Am Abend machten Eltern und Kinder den Jugendlichen platz, die zusammen mit der Band Finity bis in den fr\u00fchen Morgen ein rauschendes Fest feierten. Rund 1200 verkaufte Eintrittskarten und noch mehr G\u00e4ste belegen, dass der Kongo an diesem Abend erneut brannte. Das Antreten zum Festumzug am Sonntag fand wie bereits im letzten Jahr an der Gastst\u00e4tte Lammers statt. In diesem Jahr konnten 9 Vereinsmitglieder auf eine 25-j\u00e4hrige Mitgliedschaft zur\u00fcckblicken und wurden entsprechend geehrt. Anschlie\u00dfend fand eine gro\u00dfe Tombola bei reichlich Kaffee und Kuchen statt. F\u00fcr die musikalische Untermahlung sorgte wieder einmal der Musikverein Salzbergen. Mit dem D\u00e4mmerschoppen klang der Sonntag aus. Am Montagmorgen fanden sich 161 Sch\u00fctzen am Festplatz ein, um den gemeinsamen Kirchgang anzutreten. Nach der Kranzniederlegung und einem kurzen Stopp beim Gemeindedirektor ging es ohne Umwege zur\u00fcck zum Festplatz, um das von den K\u00f6nigsnachbarsfrauen bereitete Fr\u00fchst\u00fcck einzunehmen. Frisch gest\u00e4rkt konnte so zum K\u00f6nigs- und Plakettenschie\u00dfen \u00fcbergegangen werden. Anders als in den vergangenen Jahren wehrte sich nicht nur der Vogel hartn\u00e4ckig, nein, auch die Sch\u00fctzen lie\u00dfen phasenweise auf sich warten. Doch am Ende zahlte sich die Geduld aller aus. Nach spannendem Kampf erl\u00f6ste Franz Kestering mit dem K\u00f6nigsschuss die gro\u00dfe Masse. Spontan erkor er seine Partnerin Erna zur K\u00f6nigin. Beim K\u00f6nigsball war die Stimmung mit den \u201ePortatos\u201c erneut riesig, so dass bis in den fr\u00fchen Morgen getanzt wurde. Das Sch\u00fctzenfest endete am Dienstag mit dem traditionellen Kehraus beim Festwirt Richard Mahl.<\/li>\n<li>Erneut nahmen im vergleich zur Mitgliederzahl nur wenige Sch\u00fctzen an der Kranzniederlegung am Volkstrauertag teil.<\/li>\n<\/ol>\n","protected":false},"excerpt":{"rendered":"<p>Pressebericht 2003 Franz Kestering wurde Sch\u00fctzenk\u00f6nig in Salzbergen Der Hubertus-Sch\u00fctzenverein Salzbergen rundete mit seinem Sch\u00fctzenfest wie in den letzten Jahren die zahlreichen Sch\u00fctzenfeste der Salzbergener Vereine in diesem Jahr ab. Sch\u00fctzenk\u00f6nig wurde Franz Kestering, Erna Schilling w\u00e4hlte er zur K\u00f6nigin. Sie \u00fcbernehmen die Regentschaft vom amtierenden K\u00f6nigspaar Thomas und Heike Scheepers. Kindersch\u00fctzenk\u00f6nig wurde Yannick Faller, [&hellip;]<\/p>\n","protected":false},"author":1,"featured_media":0,"parent":2458,"menu_order":0,"comment_status":"closed","ping_status":"closed","template":"","meta":{"jetpack_post_was_ever_published":false,"footnotes":""},"class_list":["post-2471","page","type-page","status-publish","hentry","entry"],"jetpack_sharing_enabled":true,"jetpack_shortlink":"https:\/\/wp.me\/P8RsoT-DR","jetpack-related-posts":[{"id":2475,"url":"https:\/\/www.hubertus-schuetzenverein.de\/?page_id=2475","url_meta":{"origin":2471,"position":0},"title":"2004","author":"Thorsten","date":"Juni 27, 2017","format":false,"excerpt":"Pressebericht 2004 Thomas Finzel Sch\u00fctzenk\u00f6nig in Salzbergen Der Hubertus-Sch\u00fctzenverein Salzbergen feierte vergangenes Wochenende sein Sch\u00fctzenfest. Samstagnachmittag beim Kindersch\u00fctzenfest gelang es Markus Dieckm\u00e4nnken als Nachfolger von Yannik Faller die Kinderk\u00f6nigsw\u00fcrde zu erringen, Tabea Sch\u00fcring wurde Kinderk\u00f6nigin. Am Sonntag pr\u00e4gte ein gro\u00dfer Festumzug das Geschehen. Neun Sch\u00fctzenbr\u00fcder erhielten eine Anstecknadel f\u00fcr 25\u2026","rel":"","context":"\u00c4hnlicher Beitrag","block_context":{"text":"\u00c4hnlicher Beitrag","link":""},"img":{"alt_text":"Kristina Menke und Thomas Finzel, + K\u00f6nigspaar 2003 Franz Kestering und Erna Schilling - Klaus G\u00f6dde \u00a9 2016","src":"https:\/\/i0.wp.com\/wordpress.hubertus-schuetzenverein.de\/wp-content\/uploads\/2017\/06\/presse2004-300x200.jpg?resize=350%2C200","width":350,"height":200},"classes":[]},{"id":3545,"url":"https:\/\/www.hubertus-schuetzenverein.de\/?page_id=3545","url_meta":{"origin":2471,"position":1},"title":"2010","author":"Thorsten","date":"Juni 29, 2017","format":false,"excerpt":"Pressebericht 2010 Klaus Becke ist K\u00f6nig in Salzbergen Neuer K\u00f6nig des Hubertus-Sch\u00fctzenvereins Salzbergen ist Klaus Becke. Er \u00fcbernahm die Regentschaft vom Vorjahresk\u00f6nig Helmut Siepker. Beim Kindersch\u00fctzenfest holte Eric Kre\u00dfner die Kinderk\u00f6nigsw\u00fcrde, Juliane M\u00fclder wurde Kinderk\u00f6nigin. Am Sonntagnachmittag wurden Andreas Stein, Heinz Haumer, J\u00fcrgen Kestering und Andreas Kestering f\u00fcr 25 Jahre\u2026","rel":"","context":"\u00c4hnlicher Beitrag","block_context":{"text":"\u00c4hnlicher Beitrag","link":""},"img":{"alt_text":"v.l. Vorjahresk\u00f6nig Helmut und Karola Siepker + Klaus Becke und Heike Humpack - Andreas Sattler \u00a9 2010","src":"https:\/\/i0.wp.com\/wordpress.hubertus-schuetzenverein.de\/wp-content\/uploads\/2017\/06\/presse2010-300x200.jpg?resize=350%2C200","width":350,"height":200},"classes":[]},{"id":3542,"url":"https:\/\/www.hubertus-schuetzenverein.de\/?page_id=3542","url_meta":{"origin":2471,"position":2},"title":"2009","author":"Thorsten","date":"Juni 29, 2017","format":false,"excerpt":"Pressebericht 2009 Helmut Siepker ist neuer K\u00f6nig Helmut Siepker (rechts) ist neuer K\u00f6nig im Hubertus-Sch\u00fctzenverein Salzbergen. K\u00f6nigin ist Karola Siepker. Beim Kindersch\u00fctzenfest gelang es Alexander M\u00fclder, die Kinderk\u00f6nigsw\u00fcrde zu erringen, Julia van der Zee wurde Kinderk\u00f6nigin. Geehrt wurden Stefan D\u00fctz, Helmut Harmann, Stefan Thiel, Heinz Thien, Michael Twilling, Rolf Effner,\u2026","rel":"","context":"\u00c4hnlicher Beitrag","block_context":{"text":"\u00c4hnlicher Beitrag","link":""},"img":{"alt_text":"v.l. Das alte K\u00f6nigspaar Matthias B\u00fcnker und Heike Th\u00fcnemann + Helmut und Karola Siepker - Th\u00fcnemann \u00a9 2009","src":"https:\/\/i0.wp.com\/wordpress.hubertus-schuetzenverein.de\/wp-content\/uploads\/2017\/06\/presse2009-300x240.jpg?resize=350%2C200","width":350,"height":200},"classes":[]},{"id":2460,"url":"https:\/\/www.hubertus-schuetzenverein.de\/?page_id=2460","url_meta":{"origin":2471,"position":3},"title":"2002","author":"Thorsten","date":"Juni 26, 2017","format":false,"excerpt":"Pressebericht 2002 Thomas Scheepers regiert in Salzbergen Der Hubertus-Sch\u00fctzenverein Salzbergen e.V. rundete mit seinem Sch\u00fctzenfest die zahlreichen Sch\u00fctzenfeste der Salzbergener Vereine in diesem Jahr ab. Sch\u00fctzenk\u00f6nig wurde Thomas Scheepers, seine Frau Heike w\u00e4hlte er zur K\u00f6nigin. Sie \u00fcbernehmen die Regentschaft vom amtierenden K\u00f6nigspaar Norbert und Jutta Lauel. Kindersch\u00fctzenk\u00f6nig wurde Michael\u2026","rel":"","context":"\u00c4hnlicher Beitrag","block_context":{"text":"\u00c4hnlicher Beitrag","link":""},"img":{"alt_text":"K\u00f6nigspaar Heike und Thomas Scheepers und Vorjahresk\u00f6nigspaar Jutta und Norbert Lauel - Klaus G\u00f6dde \u00a9 2016","src":"https:\/\/i0.wp.com\/wordpress.hubertus-schuetzenverein.de\/wp-content\/uploads\/2017\/06\/presse2002-300x225.jpg?resize=350%2C200","width":350,"height":200},"classes":[]},{"id":3565,"url":"https:\/\/www.hubertus-schuetzenverein.de\/?page_id=3565","url_meta":{"origin":2471,"position":4},"title":"2015","author":"Thorsten","date":"Juni 30, 2017","format":false,"excerpt":"Am zweiten Wochenende im August konnte\u00a0der Hubertus-Sch\u00fctzenverein Salzbergen e.V. sein 50-j\u00e4hriges\u00a0Jubil\u00e4um mit einem gro\u00dfen Jubelfest begehen. Unter dem Motto \u201eJubeln im KONGO\u201c begann das Fest am Freitagabend mit einem Langenberger Abend im Festzelt. Zu Beginn wurde ein Wortgottesdienst mit Pastor Droste gefeiert. Dann begann das erste Kaiserschiessen des Vereins. Hier\u2026","rel":"","context":"\u00c4hnlicher Beitrag","block_context":{"text":"\u00c4hnlicher Beitrag","link":""},"img":{"alt_text":"K\u00f6nig Hermann mit seiner K\u00f6nigin Helga Struffert - \u00a9 Klaus G\u00f6dde 2015","src":"https:\/\/i0.wp.com\/wordpress.hubertus-schuetzenverein.de\/wp-content\/uploads\/2017\/06\/koenig_2015-177x300.jpg?resize=350%2C200","width":350,"height":200},"classes":[]},{"id":49,"url":"https:\/\/www.hubertus-schuetzenverein.de\/?page_id=49","url_meta":{"origin":2471,"position":5},"title":"Historie der K\u00f6nigspaare (1965-heute)","author":"Thorsten","date":"Juni 15, 2017","format":false,"excerpt":"2025 - Niels und Melanie Finke 2024 - Pascal Elling und Helen K\u00fcnnemann 2023 - Jonas Thiel und Diana Melnik 2022 - Yvonne und Olaf Nega 2019 - Gudrun und Reiner Thale 2018 - Mareike Egbers & Matthias R\u00f6ttering 2017 - Bianka & J\u00f6rg Sch\u00fcring 2016 - Reinhild & Thomas\u2026","rel":"","context":"\u00c4hnlicher Beitrag","block_context":{"text":"\u00c4hnlicher Beitrag","link":""},"img":{"alt_text":"2025 - Niels und Melanie Finke","src":"https:\/\/i0.wp.com\/www.hubertus-schuetzenverein.de\/wp-content\/uploads\/2025\/08\/HubertusKoenigspaar_2025-scaled.jpg?resize=350%2C200","width":350,"height":200,"srcset":"https:\/\/i0.wp.com\/www.hubertus-schuetzenverein.de\/wp-content\/uploads\/2025\/08\/HubertusKoenigspaar_2025-scaled.jpg?resize=350%2C200 1x, https:\/\/i0.wp.com\/www.hubertus-schuetzenverein.de\/wp-content\/uploads\/2025\/08\/HubertusKoenigspaar_2025-scaled.jpg?resize=525%2C300 1.5x, https:\/\/i0.wp.com\/www.hubertus-schuetzenverein.de\/wp-content\/uploads\/2025\/08\/HubertusKoenigspaar_2025-scaled.jpg?resize=700%2C400 2x, https:\/\/i0.wp.com\/www.hubertus-schuetzenverein.de\/wp-content\/uploads\/2025\/08\/HubertusKoenigspaar_2025-scaled.jpg?resize=1050%2C600 3x, https:\/\/i0.wp.com\/www.hubertus-schuetzenverein.de\/wp-content\/uploads\/2025\/08\/HubertusKoenigspaar_2025-scaled.jpg?resize=1400%2C800 4x"},"classes":[]}],"_links":{"self":[{"href":"https:\/\/www.hubertus-schuetzenverein.de\/index.php?rest_route=\/wp\/v2\/pages\/2471","targetHints":{"allow":["GET"]}}],"collection":[{"href":"https:\/\/www.hubertus-schuetzenverein.de\/index.php?rest_route=\/wp\/v2\/pages"}],"about":[{"href":"https:\/\/www.hubertus-schuetzenverein.de\/index.php?rest_route=\/wp\/v2\/types\/page"}],"author":[{"embeddable":true,"href":"https:\/\/www.hubertus-schuetzenverein.de\/index.php?rest_route=\/wp\/v2\/users\/1"}],"replies":[{"embeddable":true,"href":"https:\/\/www.hubertus-schuetzenverein.de\/index.php?rest_route=%2Fwp%2Fv2%2Fcomments&post=2471"}],"version-history":[{"count":1,"href":"https:\/\/www.hubertus-schuetzenverein.de\/index.php?rest_route=\/wp\/v2\/pages\/2471\/revisions"}],"predecessor-version":[{"id":2472,"href":"https:\/\/www.hubertus-schuetzenverein.de\/index.php?rest_route=\/wp\/v2\/pages\/2471\/revisions\/2472"}],"up":[{"embeddable":true,"href":"https:\/\/www.hubertus-schuetzenverein.de\/index.php?rest_route=\/wp\/v2\/pages\/2458"}],"wp:attachment":[{"href":"https:\/\/www.hubertus-schuetzenverein.de\/index.php?rest_route=%2Fwp%2Fv2%2Fmedia&parent=2471"}],"curies":[{"name":"wp","href":"https:\/\/api.w.org\/{rel}","templated":true}]}}